t j(v) = 27*v**2 - 6*v + 4. Let s(n) = 26*n**2 - 5*n + 3. Let c(l) = -5*j(l) + 6*s(l). Is c(-3) composite?
True
Is 2/((6/1011)/2) a composite number?
True
Let z(m) = -m**3 - m + 1. Let y be z(0). Let s be (0/3*-1)/y. Suppose s = -4*x - g - 8 + 138, g + 2 = 0. Is x a composite number?
True
Let u(f) = 3*f**2 - 7*f + 6. Is u(-8) a composite number?
True
Let g(v) = -3*v**3 + 4*v**2 - 2*v - 1. Let p(t) = -t**3 + 1. Let s(j) = g(j) - 4*p(j). Let a be s(-4). Suppose -a*n + 53 = 11. Is n prime?
False
Suppose -112 = -t - 3*t - 4*d, -d - 5 = 0. Is t composite?
True
Let l(r) = 1566*r**2 + r. Is l(1) a prime number?
True
Let q be 1*(5 - (-9)/(-3)). Suppose 3*n - 149 = q*n. Is n a prime number?
True
Suppose -3*p - p - 5*w + 75 = 0, 3*w = 5*p - 140. Suppose -2*h + r = -36, -h + 7 = -4*r - p. Let t = h + -7. Is t a composite number?
True
Let i(g) = -g**2 - 5*g + 2. Let m be i(-5). Suppose 6 = 2*z - 0, -4*v = m*z - 82. Is v a composite number?
False
Is -4 + 417/2*2 composite?
True
Let k be (-427)/5 - 18/(-45). Let r = -54 - k. Is r a prime number?
True
Let z = 4 + 191. Let c = -108 + z. Is c a prime number?
False
Let r = -14 - -20. Let o(f) = 0*f - 3*f + r*f + 2. Is o(4) composite?
True
Let f = 761 - -350. Is f prime?
False
Let j(l) = l**2 + 4*l. Suppose -4*f = 4*o + 12, 5*o + f = 2*o - 17. Is j(o) composite?
True
Let n be (-32)/(-12) + (-2)/3. Suppose -5*v + 42 = 3*x, v + 0*v + 2 = n*x. Suppose 4*c + 26 = v*c. Is c a prime number?
True
Is (-4 - -5)/(2/2846) composite?
False
Let g(t) = t**2 + 7*t. Let c be g(-5). Let q = 32 + c. Is q a prime number?
False
Let i = 19 - 14. Suppose t - c = 36, -32 = 5*t - 6*t + i*c. Is t a composite number?
False
Suppose -g + 7970 = 3*i, 4*i - 2*i - 3*g - 5317 = 0. Is i prime?
True
Let a(g) = 31*g**2 - 10*g + 1. Is a(6) composite?
True
Let r = 16 - 11. Suppose -b + t = 4*b - 27, -5*b + 35 = -r*t. Suppose -4*n + b*n - 37 = 0. Is n a composite number?
False
Suppose 0*x - 4*x = -5836. Is x a prime number?
True
Let b(i) = 21*i - 21*i + 1 + 18*i**2. Is b(-3) a composite number?
False
Let k = 1244 - -22. Is k/3*(-1)/(-2) a prime number?
True
Let g(f) = f**2 + 3*f - 9. Let n be g(6). Let p = -19 + n. Is p a composite number?
True
Let z be 26 + (-6)/3 + 0. Let x be (2/(-3))/(1/z). Let t = 21 - x. Is t composite?
False
Is (-22195)/(-10) - 9/6 a prime number?
False
Suppose a + 4*p + 6 = -a, -3 = 3*a + 4*p. Is -2*a*(-10)/4 prime?
False
Suppose -4*z - 4*s = -152, -4*z + 6*z + 3*s = 80. Is z a prime number?
False
Suppose -3*g - 4*y + 755 = 0, -g - 4*y + 5*y = -254. Is g a composite number?
True
Is (-3810)/(-24) + (-6)/8 prime?
False
Let l(g) = g**2 + 59. Is l(0) a composite number?
False
Let o = -9 - -17. Let q(w) = -w**2 + 10*w - 1. Let y be q(o). Let a = y - -20. Is a composite?
True
Suppose 0 = -55*z + 54*z + 1203. Is z composite?
True
Let c(v) = -2*v**2 - 3*v + 83. Let z be c(0). Suppose 0*d - 2*d + 802 = 0. Suppose -z = 2*w - d. Is w prime?
False
Let r = -6 - -10. Let u = r + -1. Suppose -141 = -u*q + 12. Is q a prime number?
False
Let c(p) = p**2 - 12*p - 16. Let x = 23 - 12. Let i be c(x). Is 2/(3 - (-75)/i) a prime number?
False
Let f(g) = 3*g**3 - g**2 - 2*g - 3. Let y be f(4). Suppose 0 = 5*b + 3*n + 19, b - 2*n = -4*n - 8. Let m = b + y. Is m a prime number?
True
Suppose c = -3*m - 134 + 429, 4 = c. Suppose -m = -y - 2. Is y prime?
False
Is (-50196)/(-44) + 10/55 a composite number?
True
Is ((-4)/7)/(18/(-7119)) prime?
False
Suppose 2*s + 20 = -4*g, 7*g - 2*g + 11 = s. Is ((-4 - g) + 12)*11 a composite number?
True
Let c = 10 - 1. Let h(r) = -1 + 8*r - 1 + c. Is h(6) prime?
False
Is (4/12)/(2/1542) prime?
True
Let l(b) = 80*b + 28. Let r(x) = -27*x - 9. Let f(w) = 4*l(w) + 11*r(w). Is f(14) prime?
False
Let a(f) = 6*f**2 - 2*f - 2. Is a(-5) prime?
False
Let u(q) = -q**3 - 8*q**2 - 7*q + 8. Let n be u(-8). Suppose 4*f = n + 372. Suppose f = 3*p - 146. Is p prime?
False
Is 2274/18 - (-2)/3 prime?
True
Is (-1937 - 4)/(4 - 5) prime?
False
Let d = -847 - -1516. Is d a composite number?
True
Let u(l) = -2*l + 1. Let r be u(-1). Suppose 3*c - 196 = -r*d + 2*d, 0 = c + d - 66. Is c prime?
False
Let r = 29 - -67. Suppose 3*c = 159 + r. Is c a composite number?
True
Let t be 0 - 9/(-5 - -2). Let l be t/(-2)*(-496)/(-12). Let m = 97 + l. Is m a composite number?
True
Let o = 1 - -2. Suppose -o*b = r + 5, 2*b + 3*b - 5*r + 15 = 0. Is (188/8)/((-1)/b) a composite number?
False
Let n = -26 + 29. Let b(x) be the second derivative of 7*x**5/20 - x**4/12 + 2*x**3/3 - x**2/2 - 2*x. Is b(n) a prime number?
True
Suppose 4*p - 2212 = -3*t, 2*p - 7*p + t = -2765. Is p prime?
False
Let g(f) be the third derivative of -17*f**4/24 - 2*f**3/3 - 3*f**2. Let m = 1 + -10. Is g(m) prime?
True
Suppose 2390 = -3*b + 7721. Is b composite?
False
Is 200/5 - 5/5 composite?
True
Suppose 5*l - 1 = 9. Suppose 3*q - 3 = 0, q = -l*w + 4*q + 17. Is w composite?
True
Suppose 5*o - 41 = 504. Is o a prime number?
True
Suppose -2*z = -0*z - 2*i - 10, 5*z + 20 = -4*i. Let a = 10 - z. Is a composite?
True
Let v = 14 - -4. Let i be 1/(-1) + (6 - 2). Suppose -75 = -i*f + 4*d, d + 0*d = -f + v. Is f prime?
False
Let m(i) = i**2 + 2*i + 3. Let u be m(-3). Let q = 3 - u. Is -37*1*(2 + q) a composite number?
False
Suppose 0 = 4*u + 92 - 272. Suppose 0 = 5*a - u. Is a a composite number?
True
Suppose 3*n = -2*q - 8 + 59, -5*n + 107 = -4*q. Is n a prime number?
True
Let j(f) be the third derivative of f**6/120 + 13*f**5/60 - f**4/8 + 7*f**3/3 - 3*f**2. Is j(-11) a composite number?
True
Let c be (-1 - -19)/((-6)/4). Let a be (-1 - 6/(-9))*c. Suppose 100 = a*x - 4*t, 6*x + 3*t - 86 = 2*x. Is x prime?
True
Suppose -5*r + 8 = -7. Suppose 2*x - 5*f = -3 - 2, 5*x + 3 = r*f. Suppose -3*d + 111 = -x*d. Is d a composite number?
False
Suppose -3*i - 35 = -4*u - 12, -5 = -2*u - 5*i. Suppose 197 = u*l - 288. Is l composite?
False
Suppose 5*f - 1 + 11 = 0. Let n be 4/(-2) - f - 8. Let l(z) = z**3 + 11*z**2 - z + 5. Is l(n) a composite number?
True
Suppose -5*z + 7683 = 488. Is z prime?
True
Suppose -2*h = -5*l + 147, -l + 19 = 2*h - 5*h. Suppose 0 = -3*s + 4*s - l. Is s prime?
True
Let z(g) = -88*g + 25. Is z(-11) composite?
True
Is 6/(-9)*(-24171)/14 composite?
False
Suppose 126 = 2*x - 80. Is x composite?
False
Let z = 389 + 424. Is z a composite number?
True
Let d be (-2)/11 + 8/44. Suppose 5*f - 1888 = f - 2*k, d = f + 2*k - 466. Let l = f - 217. Is l prime?
True
Suppose -b + 125 = -236. Is b composite?
True
Is 42*(-210)/(-9) + 5 a composite number?
True
Let t = 436 + -105. Is t a composite number?
False
Let p(q) = 3*q + 8*q + 2*q - q. Let z be p(6). Let l = 139 + z. Is l a composite number?
False
Let i(s) = 6*s - 3. Let u be i(3). Let j be (18/u)/(2/10). Let h = 37 - j. Is h a prime number?
True
Let v be 6/4 + (-1)/2. Is (3 + 215)/(2/v) a composite number?
False
Let f be 3*(-2)/(-3) + 0. Suppose -3*b + t + f*t + 306 = 0, 3*b - 4*t = 311. Is b a prime number?
True
Let a(z) = z**2 + z - 2. Let k be a(2). Suppose q + 4*u - 81 = -0*q, k*u = 2*q - 114. Is q a composite number?
True
Let c = 2113 - 1349. Let v = c + -433. Is v composite?
False
Suppose 2*a - w = 3700 - 696, w - 4501 = -3*a. Is a prime?
False
Let v(q) = -q**3 - 7*q**2 + 10*q + 8. Let l be v(-8). Is ((-2)/(-1))/(l/(-1636)) composite?
False
Let p = 509 + -298. Is p a prime number?
True
Suppose 5*t - 436 = 49. Suppose 3*x + 5*c - t = 313, 2*x - 3*c = 305. Is x a composite number?
True
Suppose -13 + 311 = 2*z. Is z a prime number?
True
Suppose a - 5*p = -0*a + 5, 5*a - p - 49 = 0. Is a composite?
True
Suppose -3*u = -u - 2586. Is u composite?
True
Suppose 0 = -3*y + 7 + 5. Suppose -4*f = -c - 16, 3*c + c + 4 = 4*f. Suppose 0 = -3*r - y*n + n + 762, -5*n - 1043 = -c*r. Is r a prime number?
True
Let s(x) = 2 - 50*x + 18*x + 1 + 2. Is s(-4) a prime number?
False
Suppose 0 = 3*x - 2*t - 28, -2*x + 18 = -t - t. Let b = -4 + x. Suppose 635 = -o + b*o. Is o prime?
True
Suppose 4 = 6*o - 2*o. Let i be o*(1*-2 - -2). Suppose 3*c = 4*y - 151, -3*y + 6*c - c + 116 = i. Is y a composite number?
False
Suppose 2*i - i - 5*v = 73, 2*v = -8. Is i a prime number?
True
Let p(x) = -2*x**3 - 6*x**2 - 18*x - 23. Is p(-12) a composite number?
True
Is (-4)/(-6)*7665/14 prime?
False
Let g(n) = -n**2 + 3*n. Let a be g(3). Suppose 6 = 4*c - 10. Suppose -h + 